{"id":9,"date":"2011-07-24T16:05:19","date_gmt":"2011-07-24T14:05:19","guid":{"rendered":"http:\/\/simp.eplaszow.pl\/?page_id=9"},"modified":"2022-11-26T08:31:31","modified_gmt":"2022-11-26T06:31:31","slug":"komisje","status":"publish","type":"page","link":"http:\/\/simp.pl\/stalowawola\/index.php\/komisje\/","title":{"rendered":"Komisje"},"content":{"rendered":"<p style=\"text-align: center;\"><strong>Organ kontroli wewn\u0119trznej Oddzia\u0142u SIMP w Stalowej Woli:<br \/>\n<\/strong><b>Stanis\u0142aw Szymendera<\/b><em> Przewodnicz\u0105cy Komisji Rewizyjnej<br \/>\n<\/em><strong>Henryk Bielec<\/strong><em>&nbsp;Cz\u0142onek Komisji Rewizyjnej<br \/>\n<\/em><strong>Stanis\u0142aw W\u00f3jcik<\/strong><em>&nbsp;Cz\u0142onek Komisji Rewizyjnej<\/em><\/p>\n<p style=\"text-align: center;\">&nbsp;<strong>Organ orzekaj\u0105cy (S\u0105d Kole\u017ce\u0144ski) Oddzia\u0142u SIMP w Stalowej Woli:<br \/>\nW\u0142adys\u0142aw Piotrowski <\/strong><em>Przewodnicz\u0105cy S\u0105du Kole\u017ce\u0144skiego<br \/>\n<\/em><strong>Jan Jurecki<\/strong><em>&nbsp;Cz\u0142onek S\u0105du Kole\u017ce\u0144skiego<br \/>\n<\/em><strong>Roman Brodziak<\/strong><em>&nbsp;Cz\u0142onek S\u0105du Kole\u017ce\u0144skiego<\/em><\/p>\n<p style=\"text-align: center;\">&nbsp;<\/p>\n<p>&nbsp;<\/p>\n","protected":false},"excerpt":{"rendered":"<p>Organ kontroli wewn\u0119trznej Oddzia\u0142u SIMP w Stalowej Woli: Stanis\u0142aw Szymendera Przewodnicz\u0105cy Komisji Rewizyjnej Henryk Bielec&nbsp;Cz\u0142onek Komisji Rewizyjnej Stanis\u0142aw W\u00f3jcik&nbsp;Cz\u0142onek Komisji Rewizyjnej &nbsp;Organ orzekaj\u0105cy (S\u0105d Kole\u017ce\u0144ski) Oddzia\u0142u SIMP w Stalowej Woli: W\u0142adys\u0142aw Piotrowski Przewodnicz\u0105cy S\u0105du Kole\u017ce\u0144skiego Jan Jurecki&nbsp;Cz\u0142onek S\u0105du Kole\u017ce\u0144skiego Roman Brodziak&nbsp;Cz\u0142onek S\u0105du Kole\u017ce\u0144skiego &nbsp; &nbsp;<\/p>\n","protected":false},"author":1,"featured_media":0,"parent":0,"menu_order":4,"comment_status":"closed","ping_status":"closed","template":"","meta":{"ngg_post_thumbnail":0,"footnotes":""},"class_list":["post-9","page","type-page","status-publish","hentry"],"_links":{"self":[{"href":"http:\/\/simp.pl\/stalowawola\/index.php\/wp-json\/wp\/v2\/pages\/9","targetHints":{"allow":["GET"]}}],"collection":[{"href":"http:\/\/simp.pl\/stalowawola\/index.php\/wp-json\/wp\/v2\/pages"}],"about":[{"href":"http:\/\/simp.pl\/stalowawola\/index.php\/wp-json\/wp\/v2\/types\/page"}],"author":[{"embeddable":true,"href":"http:\/\/simp.pl\/stalowawola\/index.php\/wp-json\/wp\/v2\/users\/1"}],"replies":[{"embeddable":true,"href":"http:\/\/simp.pl\/stalowawola\/index.php\/wp-json\/wp\/v2\/comments?post=9"}],"version-history":[{"count":7,"href":"http:\/\/simp.pl\/stalowawola\/index.php\/wp-json\/wp\/v2\/pages\/9\/revisions"}],"predecessor-version":[{"id":1303,"href":"http:\/\/simp.pl\/stalowawola\/index.php\/wp-json\/wp\/v2\/pages\/9\/revisions\/1303"}],"wp:attachment":[{"href":"http:\/\/simp.pl\/stalowawola\/index.php\/wp-json\/wp\/v2\/media?parent=9"}],"curies":[{"name":"wp","href":"https:\/\/api.w.org\/{rel}","templated":true}]}}